{"id":7794,"date":"2024-10-08T17:44:42","date_gmt":"2024-10-08T15:44:42","guid":{"rendered":"https:\/\/veho-schweiz.com\/product\/cable-de-charge-et-de-synchronisation-veho-usb-c-vers-lightning-02-m\/"},"modified":"2024-12-18T17:36:09","modified_gmt":"2024-12-18T16:36:09","slug":"cable-de-charge-et-de-synchronisation-veho-usb-c-vers-lightning-02-m","status":"publish","type":"product","link":"https:\/\/veho-schweiz.com\/fr\/product\/cable-de-charge-et-de-synchronisation-veho-usb-c-vers-lightning-02-m\/","title":{"rendered":"C\u00e2ble de charge et de synchronisation Veho USB-C\u2122 vers Lightning\u00ae (0,2 m)"},"content":{"rendered":"<div class=\"wp-content wp-content--product\"><p>Chargez et synchronisez vos appareils Apple avec ce c\u00e2ble USB-C\u2122 vers Lightning\u00ae certifi\u00e9 MFI de Veho. Le c\u00e2ble est dot\u00e9 d&rsquo;un rev\u00eatement en caoutchouc souple, durable et r\u00e9sistant, parfait pour les professionnels ou pour une utilisation quotidienne. <\/p>\n<\/div>","protected":false},"excerpt":{"rendered":"<ul>\n<li>Certifi\u00e9 par Apple<\/li>\n<li>Chargement et synchronisation<\/li>\n<li>0,2m<\/li>\n<\/ul>\n","protected":false},"featured_media":5442,"comment_status":"closed","ping_status":"closed","template":"","meta":{"_acf_changed":false,"inline_featured_image":false},"product_brand":[],"product_cat":[230],"product_tag":[],"class_list":{"0":"post-7794","1":"product","2":"type-product","3":"status-publish","4":"has-post-thumbnail","6":"product_cat-portable-power-accessories-fr","8":"first","9":"instock","10":"shipping-taxable","11":"purchasable","12":"product-type-simple"},"acf":[],"yoast_head":"<!-- This site is optimized with the Yoast SEO plugin v27.5 - https:\/\/yoast.com\/product\/yoast-seo-wordpress\/ -->\n<title>C\u00e2ble de charge et de synchronisation Veho USB-C\u2122 vers Lightning\u00ae (0,2 m)<\/title>\n<meta name=\"description\" content=\"Chargez et synchronisez vos appareils Apple en utilisant ce c\u00e2ble USB-C\u2122 vers Lightning Veho approuv\u00e9 par Apple MFI, qui pr\u00e9sente une finition noire en caoutchouc souple.\" \/>\n<meta name=\"robots\" content=\"index, follow, max-snippet:-1, max-image-preview:large, max-video-preview:-1\" \/>\n<link rel=\"canonical\" href=\"https:\/\/veho-schweiz.com\/fr\/product\/cable-de-charge-et-de-synchronisation-veho-usb-c-vers-lightning-02-m\/\" \/>\n<meta property=\"og:locale\" content=\"fr_FR\" \/>\n<meta property=\"og:type\" content=\"article\" \/>\n<meta property=\"og:title\" content=\"C\u00e2ble de charge et de synchronisation Veho USB-C\u2122 vers Lightning\u00ae (0,2 m)\" \/>\n<meta property=\"og:description\" content=\"Chargez et synchronisez vos appareils Apple en utilisant ce c\u00e2ble USB-C\u2122 vers Lightning Veho approuv\u00e9 par Apple MFI, qui pr\u00e9sente une finition noire en caoutchouc souple.\" \/>\n<meta property=\"og:url\" content=\"https:\/\/veho-schweiz.com\/fr\/product\/cable-de-charge-et-de-synchronisation-veho-usb-c-vers-lightning-02-m\/\" \/>\n<meta property=\"og:site_name\" content=\"Veho Lifestyle Store Suisse\" \/>\n<meta property=\"article:modified_time\" content=\"2024-12-18T16:36:09+00:00\" \/>\n<meta property=\"og:image\" content=\"https:\/\/veho-schweiz.com\/wp-content\/uploads\/2022\/02\/VCL-004-MFI-C-20CM_1.png\" \/>\n\t<meta property=\"og:image:width\" content=\"620\" \/>\n\t<meta property=\"og:image:height\" content=\"620\" \/>\n\t<meta property=\"og:image:type\" content=\"image\/png\" \/>\n<meta name=\"twitter:card\" content=\"summary_large_image\" \/>\n<script type=\"application\/ld+json\" class=\"yoast-schema-graph\">{\"@context\":\"https:\\\/\\\/schema.org\",\"@graph\":[{\"@type\":\"WebPage\",\"@id\":\"https:\\\/\\\/veho-schweiz.com\\\/fr\\\/product\\\/cable-de-charge-et-de-synchronisation-veho-usb-c-vers-lightning-02-m\\\/\",\"url\":\"https:\\\/\\\/veho-schweiz.com\\\/fr\\\/product\\\/cable-de-charge-et-de-synchronisation-veho-usb-c-vers-lightning-02-m\\\/\",\"name\":\"C\u00e2ble de charge et de synchronisation Veho USB-C\u2122 vers Lightning\u00ae (0,2 m)\",\"isPartOf\":{\"@id\":\"https:\\\/\\\/veho-schweiz.com\\\/fr\\\/#website\"},\"primaryImageOfPage\":{\"@id\":\"https:\\\/\\\/veho-schweiz.com\\\/fr\\\/product\\\/cable-de-charge-et-de-synchronisation-veho-usb-c-vers-lightning-02-m\\\/#primaryimage\"},\"image\":{\"@id\":\"https:\\\/\\\/veho-schweiz.com\\\/fr\\\/product\\\/cable-de-charge-et-de-synchronisation-veho-usb-c-vers-lightning-02-m\\\/#primaryimage\"},\"thumbnailUrl\":\"https:\\\/\\\/veho-schweiz.com\\\/wp-content\\\/uploads\\\/2022\\\/02\\\/VCL-004-MFI-C-20CM_1.png\",\"datePublished\":\"2024-10-08T15:44:42+00:00\",\"dateModified\":\"2024-12-18T16:36:09+00:00\",\"description\":\"Chargez et synchronisez vos appareils Apple en utilisant ce c\u00e2ble USB-C\u2122 vers Lightning Veho approuv\u00e9 par Apple MFI, qui pr\u00e9sente une finition noire en caoutchouc souple.\",\"breadcrumb\":{\"@id\":\"https:\\\/\\\/veho-schweiz.com\\\/fr\\\/product\\\/cable-de-charge-et-de-synchronisation-veho-usb-c-vers-lightning-02-m\\\/#breadcrumb\"},\"inLanguage\":\"fr-FR\",\"potentialAction\":[{\"@type\":\"ReadAction\",\"target\":[\"https:\\\/\\\/veho-schweiz.com\\\/fr\\\/product\\\/cable-de-charge-et-de-synchronisation-veho-usb-c-vers-lightning-02-m\\\/\"]}]},{\"@type\":\"ImageObject\",\"inLanguage\":\"fr-FR\",\"@id\":\"https:\\\/\\\/veho-schweiz.com\\\/fr\\\/product\\\/cable-de-charge-et-de-synchronisation-veho-usb-c-vers-lightning-02-m\\\/#primaryimage\",\"url\":\"https:\\\/\\\/veho-schweiz.com\\\/wp-content\\\/uploads\\\/2022\\\/02\\\/VCL-004-MFI-C-20CM_1.png\",\"contentUrl\":\"https:\\\/\\\/veho-schweiz.com\\\/wp-content\\\/uploads\\\/2022\\\/02\\\/VCL-004-MFI-C-20CM_1.png\",\"width\":620,\"height\":620,\"caption\":\"C\u00e2ble USB-C\u2122 vers Lightning\"},{\"@type\":\"BreadcrumbList\",\"@id\":\"https:\\\/\\\/veho-schweiz.com\\\/fr\\\/product\\\/cable-de-charge-et-de-synchronisation-veho-usb-c-vers-lightning-02-m\\\/#breadcrumb\",\"itemListElement\":[{\"@type\":\"ListItem\",\"position\":1,\"name\":\"Home\",\"item\":\"https:\\\/\\\/veho-schweiz.com\\\/fr\\\/\"},{\"@type\":\"ListItem\",\"position\":2,\"name\":\"Shop\",\"item\":\"https:\\\/\\\/veho-schweiz.com\\\/shop\\\/\"},{\"@type\":\"ListItem\",\"position\":3,\"name\":\"C\u00e2ble de charge et de synchronisation Veho USB-C\u2122 vers Lightning\u00ae (0,2 m)\"}]},{\"@type\":\"WebSite\",\"@id\":\"https:\\\/\\\/veho-schweiz.com\\\/fr\\\/#website\",\"url\":\"https:\\\/\\\/veho-schweiz.com\\\/fr\\\/\",\"name\":\"Veho Lifestyle Store Suisse\",\"description\":\"\u00c9lectronique grand public de conception britannique\",\"potentialAction\":[{\"@type\":\"SearchAction\",\"target\":{\"@type\":\"EntryPoint\",\"urlTemplate\":\"https:\\\/\\\/veho-schweiz.com\\\/fr\\\/?s={search_term_string}\"},\"query-input\":{\"@type\":\"PropertyValueSpecification\",\"valueRequired\":true,\"valueName\":\"search_term_string\"}}],\"inLanguage\":\"fr-FR\"}]}<\/script>\n<!-- \/ Yoast SEO plugin. -->","yoast_head_json":{"title":"C\u00e2ble de charge et de synchronisation Veho USB-C\u2122 vers Lightning\u00ae (0,2 m)","description":"Chargez et synchronisez vos appareils Apple en utilisant ce c\u00e2ble USB-C\u2122 vers Lightning Veho approuv\u00e9 par Apple MFI, qui pr\u00e9sente une finition noire en caoutchouc souple.","robots":{"index":"index","follow":"follow","max-snippet":"max-snippet:-1","max-image-preview":"max-image-preview:large","max-video-preview":"max-video-preview:-1"},"canonical":"https:\/\/veho-schweiz.com\/fr\/product\/cable-de-charge-et-de-synchronisation-veho-usb-c-vers-lightning-02-m\/","og_locale":"fr_FR","og_type":"article","og_title":"C\u00e2ble de charge et de synchronisation Veho USB-C\u2122 vers Lightning\u00ae (0,2 m)","og_description":"Chargez et synchronisez vos appareils Apple en utilisant ce c\u00e2ble USB-C\u2122 vers Lightning Veho approuv\u00e9 par Apple MFI, qui pr\u00e9sente une finition noire en caoutchouc souple.","og_url":"https:\/\/veho-schweiz.com\/fr\/product\/cable-de-charge-et-de-synchronisation-veho-usb-c-vers-lightning-02-m\/","og_site_name":"Veho Lifestyle Store Suisse","article_modified_time":"2024-12-18T16:36:09+00:00","og_image":[{"width":620,"height":620,"url":"https:\/\/veho-schweiz.com\/wp-content\/uploads\/2022\/02\/VCL-004-MFI-C-20CM_1.png","type":"image\/png"}],"twitter_card":"summary_large_image","schema":{"@context":"https:\/\/schema.org","@graph":[{"@type":"WebPage","@id":"https:\/\/veho-schweiz.com\/fr\/product\/cable-de-charge-et-de-synchronisation-veho-usb-c-vers-lightning-02-m\/","url":"https:\/\/veho-schweiz.com\/fr\/product\/cable-de-charge-et-de-synchronisation-veho-usb-c-vers-lightning-02-m\/","name":"C\u00e2ble de charge et de synchronisation Veho USB-C\u2122 vers Lightning\u00ae (0,2 m)","isPartOf":{"@id":"https:\/\/veho-schweiz.com\/fr\/#website"},"primaryImageOfPage":{"@id":"https:\/\/veho-schweiz.com\/fr\/product\/cable-de-charge-et-de-synchronisation-veho-usb-c-vers-lightning-02-m\/#primaryimage"},"image":{"@id":"https:\/\/veho-schweiz.com\/fr\/product\/cable-de-charge-et-de-synchronisation-veho-usb-c-vers-lightning-02-m\/#primaryimage"},"thumbnailUrl":"https:\/\/veho-schweiz.com\/wp-content\/uploads\/2022\/02\/VCL-004-MFI-C-20CM_1.png","datePublished":"2024-10-08T15:44:42+00:00","dateModified":"2024-12-18T16:36:09+00:00","description":"Chargez et synchronisez vos appareils Apple en utilisant ce c\u00e2ble USB-C\u2122 vers Lightning Veho approuv\u00e9 par Apple MFI, qui pr\u00e9sente une finition noire en caoutchouc souple.","breadcrumb":{"@id":"https:\/\/veho-schweiz.com\/fr\/product\/cable-de-charge-et-de-synchronisation-veho-usb-c-vers-lightning-02-m\/#breadcrumb"},"inLanguage":"fr-FR","potentialAction":[{"@type":"ReadAction","target":["https:\/\/veho-schweiz.com\/fr\/product\/cable-de-charge-et-de-synchronisation-veho-usb-c-vers-lightning-02-m\/"]}]},{"@type":"ImageObject","inLanguage":"fr-FR","@id":"https:\/\/veho-schweiz.com\/fr\/product\/cable-de-charge-et-de-synchronisation-veho-usb-c-vers-lightning-02-m\/#primaryimage","url":"https:\/\/veho-schweiz.com\/wp-content\/uploads\/2022\/02\/VCL-004-MFI-C-20CM_1.png","contentUrl":"https:\/\/veho-schweiz.com\/wp-content\/uploads\/2022\/02\/VCL-004-MFI-C-20CM_1.png","width":620,"height":620,"caption":"C\u00e2ble USB-C\u2122 vers Lightning"},{"@type":"BreadcrumbList","@id":"https:\/\/veho-schweiz.com\/fr\/product\/cable-de-charge-et-de-synchronisation-veho-usb-c-vers-lightning-02-m\/#breadcrumb","itemListElement":[{"@type":"ListItem","position":1,"name":"Home","item":"https:\/\/veho-schweiz.com\/fr\/"},{"@type":"ListItem","position":2,"name":"Shop","item":"https:\/\/veho-schweiz.com\/shop\/"},{"@type":"ListItem","position":3,"name":"C\u00e2ble de charge et de synchronisation Veho USB-C\u2122 vers Lightning\u00ae (0,2 m)"}]},{"@type":"WebSite","@id":"https:\/\/veho-schweiz.com\/fr\/#website","url":"https:\/\/veho-schweiz.com\/fr\/","name":"Veho Lifestyle Store Suisse","description":"\u00c9lectronique grand public de conception britannique","potentialAction":[{"@type":"SearchAction","target":{"@type":"EntryPoint","urlTemplate":"https:\/\/veho-schweiz.com\/fr\/?s={search_term_string}"},"query-input":{"@type":"PropertyValueSpecification","valueRequired":true,"valueName":"search_term_string"}}],"inLanguage":"fr-FR"}]}},"jetpack_sharing_enabled":true,"_links":{"self":[{"href":"https:\/\/veho-schweiz.com\/fr\/wp-json\/wp\/v2\/product\/7794","targetHints":{"allow":["GET"]}}],"collection":[{"href":"https:\/\/veho-schweiz.com\/fr\/wp-json\/wp\/v2\/product"}],"about":[{"href":"https:\/\/veho-schweiz.com\/fr\/wp-json\/wp\/v2\/types\/product"}],"replies":[{"embeddable":true,"href":"https:\/\/veho-schweiz.com\/fr\/wp-json\/wp\/v2\/comments?post=7794"}],"wp:featuredmedia":[{"embeddable":true,"href":"https:\/\/veho-schweiz.com\/fr\/wp-json\/wp\/v2\/media\/5442"}],"wp:attachment":[{"href":"https:\/\/veho-schweiz.com\/fr\/wp-json\/wp\/v2\/media?parent=7794"}],"wp:term":[{"taxonomy":"product_brand","embeddable":true,"href":"https:\/\/veho-schweiz.com\/fr\/wp-json\/wp\/v2\/product_brand?post=7794"},{"taxonomy":"product_cat","embeddable":true,"href":"https:\/\/veho-schweiz.com\/fr\/wp-json\/wp\/v2\/product_cat?post=7794"},{"taxonomy":"product_tag","embeddable":true,"href":"https:\/\/veho-schweiz.com\/fr\/wp-json\/wp\/v2\/product_tag?post=7794"}],"curies":[{"name":"wp","href":"https:\/\/api.w.org\/{rel}","templated":true}]}}

Câble de charge et de synchronisation Veho USB-C™ vers Lightning® (0,2 m)

<div class="wp-content wp-content--product"><p>Chargez et synchronisez vos appareils Apple avec ce câble USB-C™ vers Lightning® certifié MFI de Veho. Le câble est doté d&rsquo;un revêtement en caoutchouc souple, durable et résistant, parfait pour les professionnels ou pour une utilisation quotidienne. </p>
</div>

<ul>
<li>Certifié par Apple</li>
<li>Chargement et synchronisation</li>
<li>0,2m</li>
</ul>

<!-- This site is optimized with the Yoast SEO plugin v27.5 - https://yoast.com/product/yoast-seo-wordpress/ -->
<title>Câble de charge et de synchronisation Veho USB-C™ vers Lightning® (0,2 m)</title>
<meta name="description" content="Chargez et synchronisez vos appareils Apple en utilisant ce câble USB-C™ vers Lightning Veho approuvé par Apple MFI, qui présente une finition noire en caoutchouc souple." />
<meta name="robots" content="index, follow, max-snippet:-1, max-image-preview:large, max-video-preview:-1" />
<link rel="canonical" href="https://veho-schweiz.com/fr/product/cable-de-charge-et-de-synchronisation-veho-usb-c-vers-lightning-02-m/" />
<meta property="og:locale" content="fr_FR" />
<meta property="og:type" content="article" />
<meta property="og:title" content="Câble de charge et de synchronisation Veho USB-C™ vers Lightning® (0,2 m)" />
<meta property="og:description" content="Chargez et synchronisez vos appareils Apple en utilisant ce câble USB-C™ vers Lightning Veho approuvé par Apple MFI, qui présente une finition noire en caoutchouc souple." />
<meta property="og:url" content="https://veho-schweiz.com/fr/product/cable-de-charge-et-de-synchronisation-veho-usb-c-vers-lightning-02-m/" />
<meta property="og:site_name" content="Veho Lifestyle Store Suisse" />
<meta property="article:modified_time" content="2024-12-18T16:36:09+00:00" />
<meta property="og:image" content="https://veho-schweiz.com/wp-content/uploads/2022/02/VCL-004-MFI-C-20CM_1.png" />
	<meta property="og:image:width" content="620" />
	<meta property="og:image:height" content="620" />
	<meta property="og:image:type" content="image/png" />
<meta name="twitter:card" content="summary_large_image" />
<script type="application/ld+json" class="yoast-schema-graph">{"@context":"https:\/\/schema.org","@graph":[{"@type":"WebPage","@id":"https:\/\/veho-schweiz.com\/fr\/product\/cable-de-charge-et-de-synchronisation-veho-usb-c-vers-lightning-02-m\/","url":"https:\/\/veho-schweiz.com\/fr\/product\/cable-de-charge-et-de-synchronisation-veho-usb-c-vers-lightning-02-m\/","name":"Câble de charge et de synchronisation Veho USB-C™ vers Lightning® (0,2 m)","isPartOf":{"@id":"https:\/\/veho-schweiz.com\/fr\/#website"},"primaryImageOfPage":{"@id":"https:\/\/veho-schweiz.com\/fr\/product\/cable-de-charge-et-de-synchronisation-veho-usb-c-vers-lightning-02-m\/#primaryimage"},"image":{"@id":"https:\/\/veho-schweiz.com\/fr\/product\/cable-de-charge-et-de-synchronisation-veho-usb-c-vers-lightning-02-m\/#primaryimage"},"thumbnailUrl":"https:\/\/veho-schweiz.com\/wp-content\/uploads\/2022\/02\/VCL-004-MFI-C-20CM_1.png","datePublished":"2024-10-08T15:44:42+00:00","dateModified":"2024-12-18T16:36:09+00:00","description":"Chargez et synchronisez vos appareils Apple en utilisant ce câble USB-C™ vers Lightning Veho approuvé par Apple MFI, qui présente une finition noire en caoutchouc souple.","breadcrumb":{"@id":"https:\/\/veho-schweiz.com\/fr\/product\/cable-de-charge-et-de-synchronisation-veho-usb-c-vers-lightning-02-m\/#breadcrumb"},"inLanguage":"fr-FR","potentialAction":[{"@type":"ReadAction","target":["https:\/\/veho-schweiz.com\/fr\/product\/cable-de-charge-et-de-synchronisation-veho-usb-c-vers-lightning-02-m\/"]}]},{"@type":"ImageObject","inLanguage":"fr-FR","@id":"https:\/\/veho-schweiz.com\/fr\/product\/cable-de-charge-et-de-synchronisation-veho-usb-c-vers-lightning-02-m\/#primaryimage","url":"https:\/\/veho-schweiz.com\/wp-content\/uploads\/2022\/02\/VCL-004-MFI-C-20CM_1.png","contentUrl":"https:\/\/veho-schweiz.com\/wp-content\/uploads\/2022\/02\/VCL-004-MFI-C-20CM_1.png","width":620,"height":620,"caption":"Câble USB-C™ vers Lightning"},{"@type":"BreadcrumbList","@id":"https:\/\/veho-schweiz.com\/fr\/product\/cable-de-charge-et-de-synchronisation-veho-usb-c-vers-lightning-02-m\/#breadcrumb","itemListElement":[{"@type":"ListItem","position":1,"name":"Home","item":"https:\/\/veho-schweiz.com\/fr\/"},{"@type":"ListItem","position":2,"name":"Shop","item":"https:\/\/veho-schweiz.com\/shop\/"},{"@type":"ListItem","position":3,"name":"Câble de charge et de synchronisation Veho USB-C™ vers Lightning® (0,2 m)"}]},{"@type":"WebSite","@id":"https:\/\/veho-schweiz.com\/fr\/#website","url":"https:\/\/veho-schweiz.com\/fr\/","name":"Veho Lifestyle Store Suisse","description":"Électronique grand public de conception britannique","potentialAction":[{"@type":"SearchAction","target":{"@type":"EntryPoint","urlTemplate":"https:\/\/veho-schweiz.com\/fr\/?s={search_term_string}"},"query-input":{"@type":"PropertyValueSpecification","valueRequired":true,"valueName":"search_term_string"}}],"inLanguage":"fr-FR"}]}</script>
<!-- / Yoast SEO plugin. -->

Chargez et synchronisez vos appareils Apple en utilisant ce câble USB-C™ vers Lightning Veho approuvé par Apple MFI, qui présente une finition noire en caoutchouc souple.

Câble USB-C™ vers Lightning

Électronique grand public de conception britannique
